common factor of 27 and b.
3
Let r be ((-40)/6)/((-2)/6). Calculate the highest common divisor of r and 30.
10
Let b(s) = -2*s + 8. Let x be b(7). Let f(w) = -w**2 - 5*w + 7. Let a be f(x). Let d = a - -5. Calculate the highest common factor of 15 and d.
3
Let l be 2/(-7) - 2/(-7). Let n be (6 + l)*(-5)/(-2). Let r = 418 - 283. What is the greatest common divisor of n and r?
15
Let g be (-12)/8*(-22)/3. Calculate the greatest common divisor of g and 121.
11
Suppose 0 = 2*v - 8, 4*u + 2*v = u + 29. What is the highest common factor of u and 49?
7
Let l be 4/(-3)*9/(-6). Let p(z) = 24*z**2 + 3*z - 3. Let q be p(l). What is the greatest common factor of q and 11?
11
Let n be (-4 - (2 - 4)) + -18. Let c be (-5)/n - 22/(-8). Calculate the greatest common factor of 12 and c.
3
Suppose 3*q = 5*g + 505, -q + 179 = 5*g - 4*g. Let p = q + 23. Calculate the highest common factor of p and 18.
18
Suppose -z = -2*j + 12, -5*j + 5*z + 33 + 2 = 0. Suppose 38 = 3*y + 5*v, v = j*v - 16. What is the greatest common factor of y and 36?
6
Let d = -91 - -136. Let l be 2/6 - (-78)/9. Calculate the highest common divisor of l and d.
9
Let o be 145 + -2 + -1 + (-6)/(-3). Calculate the highest common factor of 36 and o.
36
Let p(y) = -4*y**3 + 2*y**2 + 2*y. Let a be p(-2). Suppose -2*j = -4*t - a, -2*j + 5*t = -16 - 21. Calculate the highest common divisor of j and 128.
16
Suppose 2*b + 137 = 5*h + b, 2*b = 5*h - 134. What is the highest common divisor of h and 196?
28
Let s = 1 + 2. Let w be (3 + 9)/(2/15). Suppose s*z = -0*z + w. Calculate the greatest common factor of 10 and z.
10
Let l(v) = 7*v + 1. Let t(s) = s - 5. Let z be t(6). Let r be l(z). What is the greatest common factor of r and 20?
4
Let d be 0*3/(-6) + 138. Suppose 30 = -3*n + d. What is the greatest common factor of 4 and n?
4
Let x = 132 - 123. Calculate the greatest common factor of 54 and x.
9
Suppose 2*c - 3*c + 16 = 0. Suppose -3*y + 352 = -y. Calculate the greatest common divisor of y and c.
16
Suppose 18*g - 23*g + 825 = 0. Calculate the highest common divisor of 15 and g.
15
Suppose 3*x - c - 363 = 0, -4*c + 121 = -2*x + 3*x. Calculate the greatest common factor of x and 22.
11
Suppose 6*l - 25 = l. Suppose -3*n - 10 = -2*s, 1 = -2*n + l. Suppose -y - 2 = -4. What is the greatest common divisor of y and s?
2
Suppose 8 = -4*r, q - 5*r - 25 = -2*q. Suppose q*h = h. Suppose 3*p + p - 24 = h. Calculate the greatest common factor of p and 18.
6
Let k = -45 + 78. Calculate the highest common divisor of 22 and k.
11
Suppose 4*a - 20 = 3*a. Let z = a + -9. Calculate the greatest common divisor of 121 and z.
11
Let y = -35 + 54. Let g = y + -4. What is the greatest common divisor of 6 and g?
3
Let d(o) = -o - 1. Let b(h) = h - 2*h**3 + 0*h + 0*h**2 - h**2. Let y be b(1). Let v be d(y). What is the greatest common divisor of 1 and v?
1
Let p be (3 + -3 - -1) + -1. Suppose p = 3*i - 441 + 78. Suppose 5*l = 3*s + 58, -3*l + 2*s = 2*l - 57. What is the highest common factor of i and l?
11
Suppose 0*g - 150 = -5*g. Let c = -83 - -158. Calculate the greatest common divisor of c and g.
15
Suppose 3*v + 180 = 8*v. Calculate the highest common divisor of v and 4.
4
Suppose -8*t + 880 + 0 = 0. Calculate the greatest common factor of t and 22.
22
Let m(b) = b**3 + 5*b**2. Let x be m(-5). Let d(o) = o**3 + o**2 + o + 2. Let g be d(x). Suppose w - 14 = -g. What is the greatest common factor of 36 and w?
12
Suppose -5*u - 15 = -10*u. Suppose -o + 56 = u*o. Calculate the greatest common divisor of o and 42.
14
Let u(y) = y**2 - 5*y + 6. Let r be u(8). Calculate the greatest common factor of r and 10.
10
Suppose 5*t + r = 41, 2*t + 4 = -r + 18. Let q = -7 + t. What is the greatest common divisor of q and 18?
2
Let b(g) = -4 + 0 - 4 - 4*g. Let a be b(-6). Let n = 36 - a. Calculate the highest common divisor of n and 8.
4
Suppose -65 = 4*l - 9*l. Let o(i) = 2*i**2 + 2*i + 1. Let m be o(-3). Calculate the greatest common factor of l and m.
13
Let t be (1 - (-1 + -1)) + 1. Let u be 896/10 + t/10. Calculate the greatest common factor of u and 10.
10
Let n be 16*(3 - (-3 - 1/(-2))). Calculate the greatest common divisor of n and 110.
22
Let h be 80/14 - ((-104)/(-28) + -4). What is the greatest common factor of 24 and h?
6
Let a be (-6)/8 + 531/4. What is the greatest common divisor of a and 12?
12
Suppose 3*v + 5 - 10 = 5*q, 4*v = 3*q + 25. Let m(a) = a**3 + 2*a**2 + a + 90. Let n be m(0). What is the highest common factor of v and n?
10
Let a(x) = x**2 - 9*x + 6. Let w(l) = l**3 - 7*l**2 + 9. Let n be w(7). Let h be a(n). What is the greatest common divisor of 12 and h?
6
Let k(y) = y**3 - 9*y**2 + y - 8. Let h be k(9). What is the highest common divisor of h and 9?
1
Let b be (-16)/40 - 58/5. Let t(l) = -3*l - 1. Let p be t(-6). Let q = b + p. Calculate the greatest common factor of q and 45.
5
Let d be 6 + 1 + 0 + -3. Suppose w + 4 = 169. Suppose d*p + 3*q = w, 4*q + 175 = 4*p + 5*q. Calculate the greatest common factor of 15 and p.
15
Let p = -9 - -21. Suppose -4 = 2*u - 6*u, -2*n + u = -119. What is the greatest common divisor of p and n?
12
Let c = -6 - -6. Suppose -6*g + 10*g - 68 = c. Suppose 3*p + 471 = 3*z, -3*z + 5*p = -0*p - 479. Calculate the greatest common factor of z and g.
17
Let s(j) = -15*j**2 + 1. Let u be s(1). Let a = 30 + u. Calculate the highest common divisor of a and 2.
2
Suppose -4*m + 16 = -0*t + 2*t, -2*t - 5*m = -12. Suppose 0 = 5*y - 12*y + 168. What is the highest common factor of t and y?
8
Suppose 5*v - 1994 = -2*p, 2*p = -4*v - 2*p + 1588. Suppose -4*n + 0*n = -v. Suppose 4 - 24 = -2*y. Calculate the greatest common factor of n and y.
10
Suppose -2*n = m - 25, 4*m + 4*n - 79 = 17. What is the greatest common divisor of 23 and m?
23
Let r = 234 - 178. What is the highest common factor of 8 and r?
8
Let u(o) = o**3 - 7*o**2 - 6*o + 12. Let t be u(8). Calculate the greatest common factor of 42 and t.
14
Let z(n) = 2*n**2. Let y be z(3). Calculate the greatest common divisor of y and 2.
2
Let m be 8/28 + (-68)/(-7). Suppose c = m - 4. What is the greatest common divisor of 6 and c?
6
Let i(j) = j**2 + 7*j + 8. Let s be i(-6). Let f be (-1)/1*-15 - s. What is the greatest common factor of 117 and f?
13
Let h be ((-1)/2)/(2/(-120)). Suppose 10 - h = -w. Calculate the greatest common divisor of w and 4.
4
Let j = 5 + 135. What is the highest common factor of j and 20?
20
Let p = -45 - -70. What is the highest common factor of 5 and p?
5
Let i(v) = v**3 - v - 2. Let b be i(2). Suppose l = 0, b*l - 36 - 49 = -5*x. Calculate the greatest common divisor of 119 and x.
17
Let d(a) = a - 2. Suppose 0 = -i + 3*i. Let w be d(i). Let u be 1/w + 122/4. What is the highest common divisor of u and 6?
6
Suppose 82 = -2*s + 106. Let h(k) = -3 + 17*k - 4*k - 3. Let l be h(6). Calculate the greatest common factor of l and s.
12
Let x(w) = -w + 1. Let t be x(-1). Let r(f) = f**2 - f + 1. Let y be r(t). Suppose 0*z + y*z = 6. Calculate the highest common divisor of 2 and z.
2
Let j = 287 + -142. Calculate the greatest common factor of 29 and j.
29
Let a(d) be the third derivative of d**5/30 + d**4/6 + d**3/3 + 4*d**2. Let v be a(-5). What is the greatest common divisor of v and 4?
4
Let o be (20/15)/(2/3). Suppose 3*a + 3*k = 4*a + 3, -3*a - o*k = -24. What is the highest common factor of 9 and a?
3
Let h(t) = -t + 7. Let w be h(4). Let i be w/(-2)*24/(-18). Calculate the greatest common factor of 18 and i.
2
Let f(s) = -135*s + 1. Let q be f(-1). Let r = -72 + q. Calculate the highest common divisor of r and 8.
8
Let y = 50 + -42. What is the highest common factor of 88 and y?
8
Suppose 2*a - 39 = 2*i - 3, -4*i = a - 33. What is the highest common factor of 63 and a?
21
Let o(g) = g**3 + 2*g**2 - 2*g + 1. Let n be o(1). Suppose -n*r + r + 22 = 0. Calculate the greatest common factor of 66 and r.
22
Suppose -4*z + 104 = 4*c, -5*c = 4*z - 134 + 32. Let b = 42 - z. Let t = 137 - 95. What is the greatest common divisor of b and t?
14
Suppose 8 + 19 = f. Suppose -5*v + 4 = 2*o + 13, 4*o - 5*v = f. Calculate the greatest common divisor of o and 3.
3
Let b(k) = k**2 - 4*k - 5. Let d be b(5). Suppose d*o - 56 = -2*o. What is the highest common factor of o and 4?
4
Let b = 11 - 5. Let j be 15/(b - 3) - 1. Suppose 5*x